0, -4*q - 40 = -5*g + 3*g. Let o = g + -21. Let a(v) = -v - 3. Give a(o).
2
Let d(f) = f. Let p(o) = -5*o + 1. Let t(c) = -22*d(c) - 4*p(c). Let k = -55 + 50. Determine t(k).
6
Let o(q) = 1376*q - 9. Let j(h) = 635*h - 4. Let m(s) = -13*j(s) + 6*o(s). Suppose -4*n - 4*r = -5 - 3, -5*n = 4*r - 8. What is m(n)?
-2
Let x(w) = w**2 + 10*w - 6. Let u(s) = -s**2 - 9*s + 5. Let q(p) = 7*u(p) + 6*x(p). Suppose a = 0, -2*o - 61*a = -66*a + 6. What is q(o)?
-1
Let h be (-36)/(-6) - (-4)/(-2). Let c(q) = -6*q + 1. What is c(h)?
-23
Let o = 39 - 27. Let y(j) = 5*j**3 - o*j + 2*j**3 - 2*j**3 + 13*j + 1. Calculate y(-1).
-5
Let t = -31 + 34. Let r(j) = 0*j - 2*j - t*j - 1256 + 1255. Determine r(-3).
14
Let w(i) = i**3 - 3*i**2 - 7*i + 6. Let c be w(4). Let j be 4/c*(-15)/5. Let k(f) = f - j*f - 2*f + 4*f - 10. Determine k(0).
-10
Let f(b) = -31*b + 486. Let p be f(16). Let s(y) = -y**3 - 10*y**2 + 2*y + 7. What is s(p)?
-13
Let o(k) be the second derivative of -k**5/20 + 2*k**4/3 - k**3/6 + 3*k**2 + k - 2. Let x = -9 + 17. Determine o(x).
-2
Let r(i) be the first derivative of i**4/4 + i**3 - i**2/2 - 4*i - 1. Let l(a) = -2*a**3 + 28*a**2 - 7*a + 95. Let g be l(14). Calculate r(g).
-1
Suppose -1 = 3*k + 8. Let b(v) = 18 - 5*v - 18. Let s(a) = 9*a - 1. Let t(w) = k*s(w) - 5*b(w). Calculate t(6).
-9
Let l be 246/9 + (-4)/3. Let k = l - 23. Let c(x) = -2 + 2 - x + 3. Give c(k).
0
Let t(o) = 8*o**2 + 13*o - 5. Let g(f) = 11*f**2 + 14*f - 6. Let s(w) = 3*g(w) - 4*t(w). Give s(9).
-7
Let i be (-92)/28 - 2/(-7). Let d be (-30)/(-3) + i - -2. Let q(u) = -u + 2 - d + 0 - 1. Determine q(-6).
-2
Let q(b) be the second derivative of -b**5/20 - 5*b**4/12 + b**3 + b**2 + 279*b + 1. Determine q(-6).
2
Let m(l) = l - 3. Let y be m(3). Let c be ((-3 - -4) + -3)*-1. Let u(v) = 3*v**c + 2 + v**3 - 2*v**2 - 2*v**2 + v. Give u(y).
2
Let w(a) = -a**2 - 8*a + 16. Suppose -7*s + 3*j = -3*s + 44, 2*s - 5*j + 36 = 0. Determine w(s).
16
Let p(u) = -2*u**2 + u - 1. Let h(l) = l**3 - 6*l**2 + 2*l - 9. Let d be h(6). Suppose -4 = -d*r + 5. Suppose -2*s + 1 + 3 = -2*n, 4*n - r*s + 8 = 0. Give p(n).
-11
Suppose -15 = -3*x - 0*x. Suppose 3*y - x = -2*m + 3*m, 2*m = -2*y + 14. Let h(k) = k**3 - 6*k**2 + 5*k + 4. Calculate h(m).
-8
Let y(b) = -b + 3. Let x = 9 - 7. Suppose -5*p + 8*t - 3*t + 20 = 0, -2*t = x*p. Calculate y(p).
1
Let d(v) be the second derivative of -v**3/3 + 7*v**2 - 4*v + 16. Calculate d(10).
-6
Let v = 13 - 11. Let l(j) = -2*j**v - 39 - 3*j**2 - 2*j + 37. Let q be l(-1). Let w(z) = -z**2 - 8*z + 1. Determine w(q).
16
Suppose -8*u + 6 = -6*u. Suppose 4*w + 6 = -j, -j - 12 = -2*j + 5*w. Suppose j*v + 6 = -d, u*d + d - 3 = v. Let m(a) = 3*a + 4. What is m(v)?
-5
Let c(z) = 21*z + 14*z + z**3 + 14 - 37*z + 15*z - 16*z**2. Calculate c(15).
-16
Let n(x) = -4*x**3 - 25*x**2 + 16*x - 20. Let j(b) = 3*b**3 + 17*b**2 - 11*b + 14. Let w(t) = -7*j(t) - 5*n(t). Determine w(6).
-16
Let m(v) = -v**2 + 2*v + 5. Suppose o = 2, 2*r - 12 = -5*o - 10. Determine m(r).
-19
Let l(r) = r**3 - 7*r**2 + 3*r + 8. Let w(a) = a**2 + 5*a + 23. Let b be w(0). Let q = b - 17. Determine l(q).
-10
Let s(k) = -2*k**2 - 2*k + 9. Let t be s(4). Let r = -37 - t. Let l(j) = 2*j + 4. What is l(r)?
-8
Let a(c) = -4*c**2 + 6*c + 2. Suppose -2*x + x - i - 9 = 0, 3*x - 5 = 5*i. Let l(g) = -5*g**2 + 6*g + 2. Let v(k) = x*l(k) + 6*a(k). What is v(-6)?
2
Let h(k) = 2*k - 6. Suppose 12*g - 11*g + 9 = i, -15 = -5*i. Let u be 7*((-60)/(-72) - 1/g). Give h(u).
8
Let z(l) = -5*l. Let a(n) = -11*n - 1. Let q(g) = -3*a(g) + 7*z(g). Suppose s + 9 = 5*r, 3*r = 5*s - 52 - 13. Suppose 4*c + 4 - s = 0. Give q(c).
-3
Let z(v) = -2*v + 4. Suppose -14*u + 3 = -11*u + 3*p, 5*p = -3*u - 1. Calculate z(u).
-2
Let d(q) = -q**3 + 4*q**2 - 3*q + 4. Let x be d(3). Suppose x*t = -4 + 32. Let n(j) = j**2 + 3*j - 1 - 1 - j - t*j. Calculate n(4).
-6
Let w(v) be the third derivative of -v**4/24 + 2*v**3/3 - 23*v**2. Give w(-10).
14
Let h(t) = 2*t**2 - 2*t + 1. Let d = -3 + 7. Let x be (-5 + d)/(1/(-11)). Suppose -5*s - 3 = -4*z, 0*s - 5*z + x = s. What is h(s)?
1
Suppose 78*c - 60 = 48*c. Let x(m) = -3*m**2 - 4*m + 4. Let q(b) = -5*b**2 - 7*b + 7. Let g(i) = 6*q(i) - 11*x(i). Give g(c).
14
Let w = -2 - 0. Let i(b) = -12 - 18 - 3*b - 7 + 52 - 14. Give i(w).
7
Suppose 4*q = -3*q + 11*q. Let i(k) = -8 - 3*k + k + 1 + q*k. What is i(-5)?
3
Let b(v) = 5*v**2 + 994*v + 1 - 994*v. What is b(-1)?
6
Let a(x) = 0 + 4*x + x**2 - 1 - x. Let m be (-3 + (1 - -1))/1. Let k be 8/4*(m - 0). What is a(k)?
-3
Let x = -15 + 6. Let g(r) be the third derivative of r**5/60 + 5*r**4/12 + r**3/3 - 2766*r**2 - r - 1. Calculate g(x).
-7
Let h(b) = 13*b + 7. Let r(q) = -6*q - 3. Let u be 20 - 27 - 2/(2/(-3)). Let p(z) = 4*z + 3. Let y be p(-3). Let c(g) = u*h(g) + y*r(g). What is c(-2)?
-5
Suppose 3*j = 5*i + 12, -5*j + 0*i - i - 8 = 0. Let y be (-7 + 0)*j*-1. Let w(s) = s**3 + 8*s**2 + 6*s - 3. Calculate w(y).
4
Let f(g) = -g**2 - 4*g - 3. Suppose 0 = -29*n + 6*n - 46. What is f(n)?
1
Let r(b) be the third derivative of -b**4/8 + b**3 - 3*b**2 - 20*b. Determine r(7).
-15
Let q(c) be the second derivative of c**6/120 + c**5/15 - 5*c**4/24 - 29*c**2/2 - c. Let s(v) be the first derivative of q(v). Let d = 4 + -9. Give s(d).
0
Let f(d) = d - 1. Let p(j) = j**2 + 4*j + 5. Let z(k) = -f(k) - p(k). Determine z(-5).
-4
Let g(k) = k - 6. Let y(i) = -4*i + 27. Let a(m) = 9*g(m) + 2*y(m). Calculate a(6).
6
Let a(u) = -7*u**2 - 3*u + 11. Let k(y) = -6*y**2 - 3*y + 10. Let c(m) = 5*a(m) - 6*k(m). Let o(f) = f + 6. Let s be o(7). Suppose t - s = -17. Give c(t).
-1
Let b(s) = 3*s**2 - 2*s - 3. Suppose -5*p - 35 = -5*a - 0, 3*p + 13 = -a. Let g be (-3)/(1 - 0 - a). Determine b(g).
18
Let x(h) = 24*h + 5 + 2 - 2. Suppose -39*b + 93 = -24. Let o(f) = 12*f + 2. Let y(k) = b*x(k) - 7*o(k). Calculate y(-1).
13
Let o = -612 - -618. Let b(v) = -11*v - 11. What is b(o)?
-77
Let o(b) = b + 2. Suppose 10 = 5*d - 3*d, 0 = -4*n - 5*d - 71. Let t be (-20)/(-6)*n/10. Determine o(t).
-6
Suppose 5*i + 18 = 7*i. Let j(r) = -r**2 + 9*r - 3. Calculate j(i).
-3
Suppose -67 = -7*y - 53. Let u(r) = 4*r**2 - 6*r + 2. Determine u(y).
6
Suppose 5*f + 4 = 6*f. Let a(c) = 16*c + 8*c + 15*c + 5 - 41*c. Calculate a(f).
-3
Let m(s) = -13*s**3 - 23*s**2 + 6*s + 13. Let f(o) = 5*o**3 + 8*o**2 - 2*o - 5. Let p(l) = -8*f(l) - 3*m(l). Give p(3).
13
Suppose -12 = -6*o + 3*o. Let q(i) = 21*i - 2*i**3 + 15*i**2 - 3 - 5 - 2 - 4*i. Let g(j) = -j**3 + 7*j**2 + 8*j - 5. Let x(h) = -9*g(h) + 4*q(h). What is x(o)?
5
Let a(z) = 4*z**3 + 11*z**2 - z - 17. Let t(h) = h**3 - 1 - h**2 + h**2. Let w(g) = a(g) - 3*t(g). Let r be w(-11). Let o(x) = -x**2 - 5*x - 3. Calculate o(r).
3
Let p(n) = 3*n**2 - n + 1. Let d be p(1). Suppose -9 = -0*q + d*q. Let h(b) = 2 - 9*b + 4*b - 3 - 3. Give h(q).
11
Let u(w) = 25*w**3 + 28*w**2 - 9*w + 11. Let j(m) = 12*m**3 + 13*m**2 - 4*m + 5. Let s(k) = -13*j(k) + 6*u(k). Give s(1).
-8
Let l(y) = 21 - 37 + y + 20. Suppose 2*z - 3*z + r = 4, 12 = -4*r. Calculate l(z).
-3
Let r(b) be the third derivative of -b**6/120 - 7*b**5/60 - b**4/12 + b**3/2 + 90*b**2. What is r(-4)?
-37
Let h(n) = 2*n + 2. Let k = -705 - -702. Calculate h(k).
-4
Suppose -37*p = -47*p + 150. Let d(u) = -5*u + 74. Give d(p).
-1
Let a be (6/4)/((180/6)/1). Let y(h) be the second derivative of 0 - 5*h - 2/3*h**3 - 1/2*h**2 + a*h**5 - 1/6*h**4. What is y(3)?
-4
Let q be 98/245 + ((-136)/(-5))/2. Let j(d) = -1 + 8*d - q*d + 8*d. Suppose 0*y - 4*y = 16. Give j(y).
-9
Let v = 18 - 13. Let r(h) = 3*h - 4*h - h + v*h - 3. Suppose -2*g + 4*j - 10 = 0, -3*j + 12 = -0*j. Calculate r(g).
6
Let w = -14 + 13. Let k be w/2 - 22/4. Let q be (16 - 19)*(-2)/k. Let v(d) = -4*d. Calculate v(q).
4
Let l(y) = 7*y - 2. Let w = -1038 + 1036. Give l(w).
-16
Suppose -4*i + 3*z + 7 + 8 = 0, -4*i = -z - 13. Suppose -i*a + a = 0. Let o(q) be the first derivative of -q**2/2 - 131. What is o(a)?
0
Let g(p) = 2*p**2 - 2*p + 2. Suppose 3*r - 2*r = 77. Let c = r + -51. Suppose -3*b - 5*u = -46 + 15, 3*b = -4*u + c. Determine g(b).
6
Let b(q) = 3*q + 9. Let k(j) = j**2 - 16*j + 27. Let g be k(18). Suppose 7*i + g = -2*i. Calculate b(i).
-12
Let h be (-3)/12 - 15/4. Let f(w) be the second derivative of w**4/12 + 5*w**3/6 - w**2 - 142*w. Determine f(h).
-6
Let r be (